 + i*a = 499. What is the units digit of r?
9
Let x = -16 + -16. Let c = x - -36. Suppose 0 = -j - 3*j, -o = -c*j - 61. What is the units digit of o?
1
Suppose 40 = 6*q - q. Suppose q*r + 101 = -403. Let v = r + 150. What is the tens digit of v?
8
Let q(d) = -39 + 4*d**2 + 5*d - d + 25 + 18. Let w = 1 - 3. What is the units digit of q(w)?
2
Let o(i) = -546*i + 887. What is the tens digit of o(-14)?
3
Suppose -5*o + 9*o - o = 0. Suppose 5*m + n - 128 = -14, o = 2*n - 8. What is the units digit of m?
2
Suppose o + 5*x - 123 = 0, -x + 146 + 365 = 4*o. What is the units digit of (-32)/o + 1761/4?
0
Suppose -2*j + 61*x - 60*x = -43372, 3*x + 108431 = 5*j. What is the thousands digit of j?
1
Let g(m) = 19*m**2 + 2*m - 8. Let d(x) = -37*x**2 - 3*x + 15. Let z(t) = -6*d(t) - 11*g(t). Let y be z(4). What is the units digit of 3 + 7/(35/y)?
1
Let u(s) = 144*s + 472. Let p be u(-2). Suppose 8*a - 3*a + 5*j + 555 = 0, 0 = -a - 3*j - 115. Let t = p + a. What is the tens digit of t?
7
Let c = -3803 + 17508. Suppose -11*r + c - 4256 = 0. What is the tens digit of r?
5
Suppose 756224 = 19*y + 45*y. What is the thousands digit of y?
1
Let u(q) be the first derivative of 10*q**3/3 - 3*q**2 - 11*q - 11. Let p be u(-4). Suppose -2*d + 39 = -p. What is the hundreds digit of d?
1
Let o(g) = 146*g**2 + 7*g + 1. Let w be (0 + 2 - (-9 + 10))/(-1). Let x be o(w). Let r = -75 + x. What is the units digit of r?
5
What is the units digit of (-2)/8 + -2 + 224502/24?
2
Suppose 0 = -7*q - 3 - 18. Let m be 1 - (1 + q + -2). Suppose -m*w = 10, -3*w = -4*f + 751 - 281. What is the tens digit of f?
1
Suppose 0 = -3*w + 8*c - 3*c - 1, 0 = -2*w + 3*c. Let o be (2 + -2)*(-10)/(13 + -3). Suppose w*x - 3*h = 444, o*h = -5*h + 15. What is the units digit of x?
1
Let h = -266 + 268. Suppose -4*l + 743 = 3*p, 0 = -h*p + 17 - 7. What is the hundreds digit of l?
1
Let p = 1 + 4. Suppose p*u = 3*t - t + 7, 5*u = 3*t + 3. Suppose -9*b + t*b = 15, 2*b = -3*z + 15. What is the units digit of z?
7
Suppose -21331 = -11*f + 6852 + 42437. What is the hundreds digit of f?
4
Suppose 543708 = 2038*q - 2020*q. What is the thousands digit of q?
0
Let f(c) = -c**2 - 8*c - 15. Let y be f(-7). What is the tens digit of (593 - (4 + -9)) + y/2?
9
Suppose -16 = -5*m - 3*m. What is the units digit of -98*(54/(-8) + 4)*m?
9
Let c be (-16 + 16)/((-4)/(-2)). Suppose -b + 12 = -5*b - 4*a, -4*a - 12 = c. Suppose 5*y - 51 - 109 = b. What is the tens digit of y?
3
Let h(t) = 4*t**2 - 24*t + 98. Let j be h(4). What is the tens digit of ((-514)/(-8))/(j/1320)?
8
Let v(o) be the first derivative of 2*o**3/3 - 3*o**2 + 6*o + 34. Let y be v(1). Suppose j + 524 = 3*p, 3*p - y*j - 526 = -0*p. What is the tens digit of p?
7
Suppose 0 = -4*z + 4*g + 23456, 13*g - 15*g - 23446 = -4*z. What is the hundreds digit of z?
8
Suppose 3*m = 25*x - 27*x + 28647, -5*x = -2*m + 19060. What is the hundreds digit of m?
5
Let l(d) = 7*d**3 - 19*d**2 + 55*d - 13. Let g be l(13). Suppose -25*x + g = 14*x. What is the hundreds digit of x?
3
Let m = -910 - -894. Suppose -11 = -i - 3*b, 4*i + 5*b + 8 - 24 = 0. Let j = i - m. What is the tens digit of j?
1
Suppose 0 = -68*n + 514026 + 1250281 - 250355. What is the thousands digit of n?
2
Let u(g) = -1709*g + 3. Let p be u(-3). Suppose 15*j - 5*j - p = 0. What is the units digit of j?
3
Let i(b) = b**2 + 6*b + 7. Let j be i(-3). Let z be (-9)/j + -5 + 27/6. Suppose -2*d + 0*d + 32 = p, z*p = 8. What is the units digit of d?
5
Suppose -2*a + 8 = 0, 3*l + 740 - 3216 = -4*a. Let b = 2023 - l. What is the thousands digit of b?
1
Let f(a) = 75*a**2 - 4*a + 1. Let k(n) = -10 - 35*n + 17*n + 19*n. Let m be k(9). What is the units digit of f(m)?
0
Let q = -212 - -316. Let n = -126 + q. What is the hundreds digit of 425/4 - (3 + n/8)?
1
Suppose -2625408 = 29*y - 52*y - 41*y. What is the hundreds digit of y?
0
Let f = -8461 - -12668. What is the hundreds digit of f?
2
Suppose 4*o + 1336 = -4*x, -x - 1004 = 2*o + o. Let d = o - -666. What is the hundreds digit of d?
3
Suppose 0 = -4*f + 2*f + 12. Let g = 6 + f. Suppose g*d - 6*d = 78. What is the tens digit of d?
1
Let p be ((-44)/66)/((-4)/3486). Suppose -p = -3*q + 151. Suppose -q = -7*i - 41. What is the tens digit of i?
2
Suppose -m - 12558 = -5*y, -2*m - 5028 = -2*y - 4*m. Suppose u - y = -2*q + 4*u, u + 5014 = 4*q. What is the thousands digit of q?
1
Let o(r) = r**2 - 3*r - 4. Let d be o(5). Let c be (-12)/3*d/3. Let j(a) = a**3 + 7*a**2 - 17*a + 14. What is the units digit of j(c)?
6
Suppose 3*g = 52616 - 18931 + 29603. What is the tens digit of g?
9
Let z(r) = 14*r**2 - 1035*r + 59. What is the thousands digit of z(76)?
2
Suppose 895 = 3*m + 4*z - 6*z, -5*z = -6*m + 1789. What is the tens digit of m?
9
What is the units digit of -4*((-53540)/50)/(12/15)?
4
Let n = -39 - -533. Let f = -265 + n. What is the tens digit of f?
2
Let d be -4*(-5)/10*(-225)/6. Let p = d + 96. What is the tens digit of p?
2
Suppose 2*h = 4*a - 266, 0 = 4*h - 4*a - a + 547. Let c = 363 + h. Suppose 2*u + c + 405 = 5*w, -5*u = -2*w + 271. What is the hundreds digit of w?
1
What is the units digit of (-4 - (0 - 2))/((-6)/100212)?
4
Let z(g) = 9015*g**2 + 408*g + 9. What is the hundreds digit of z(-3)?
9
Let n(v) = 10*v**2 + 54*v - 412. What is the thousands digit of n(13)?
1
Suppose -5*b - 5*w + 15 = -2*b, 0 = w. Suppose b*s + t + 1145 = -3*t, 2*s + 458 = 5*t. Let j = 349 + s. What is the hundreds digit of j?
1
Suppose 0 = 3*b + 12, 0 = -5*g - b + 8928 + 693. What is the tens digit of g?
2
Let o(d) = -2*d**2 + d**3 + 6*d - 5*d + 5*d**2 - 5*d - 6. Let j be o(-3). What is the tens digit of 231/j - 5/(-10)?
3
Let h(p) = p**2 + 23*p + 11827. What is the hundreds digit of h(0)?
8
Let p = 69 - 59. Suppose -p = -2*w + 3*w. What is the units digit of 1272/30*w/(-4)?
6
Let k(y) = 4 - 24*y + 10*y + 10*y**2 - 4*y**2. Let m be k(6). Suppose -2*t + a + m = 2*a, 0 = -5*t + 4*a + 353. What is the units digit of t?
9
Suppose 3*i - 3*z - 20340 = 0, -69*i + 67*i = -4*z - 13560. What is the tens digit of i?
8
Suppose -4*t + 932*b + 97626 = 931*b, 0 = -3*t - 5*b + 73254. What is the hundreds digit of t?
4
Suppose -3*u = 4*g - 18 - 34, 2*g + 4*u - 36 = 0. What is the units digit of (-55)/11*6/g + 533?
0
Let f(m) = -4*m - m - 20 - 2*m + m**2 - 6*m. Let o be f(9). Let w = 27 - o. What is the units digit of w?
3
Let n = 86048 + -46715. What is the thousands digit of n?
9
What is the thousands digit of ((-4)/14 - 4*(-620556)/672)*2?
7
What is the hundreds digit of (-140)/(-210)*(-7)/((-70)/264765)?
6
Let g(f) = 5*f**3 - f**2 + 6*f - 6. Let z be (1 - 2) + (-11)/3*-6. Suppose 0 = z*b - 20*b - 3. What is the hundreds digit of g(b)?
1
Let y(m) = -764*m + 5917. What is the tens digit of y(-42)?
0
Let h = -9313 - -29665. What is the units digit of h?
2
Let d(g) = -7*g - 47. Let p be d(5). Let q = p + 87. Suppose 3*t + t + q*r = -17, -5*r = 25. What is the units digit of t?
2
Let d(q) = 1 - 1249*q**2 + 0 + 1255*q**2 - 2*q**3 + 6*q. Let j be d(-4). Let x = -130 + j. What is the tens digit of x?
7
Suppose 0 = -4*c + 5*u - 9*u + 25520, -25529 = -4*c - u. What is the units digit of c?
3
Let c be 3*(-3)/(6/(-2)). Suppose -c*y + 3*t - 3 = 0, -11 = 3*y + 2*y + t. What is the units digit of 90 - ((-20)/y)/5?
8
Let a be 2/8 + 333/(-36) + 9. Suppose 4*d + 1192 = 5*n - n, a = -3*n + 5*d + 884. What is the tens digit of n?
0
Suppose -8*q - 3*i = -3*q + 335, q + 55 = -3*i. Let k = q - -91. What is the tens digit of k?
2
Suppose 5*s = -2*l + 61472, 0 = 5*l - 2*s - 77041 - 76726. What is the thousands digit of l?
0
Suppose 4*n - 9*o + 8*o - 1616 = 0, 4*o = -3*n + 1212. Suppose -14*s + 856 = -n. What is the units digit of s?
0
Let z = -40 + 123. Let b = z + -42. What is the tens digit of b?
4
What is the units digit of (-13147194)/(-252) - (-16)/168 - (-2)/4?
2
Let j = 36553 - 18996. What is the tens digit of j?
5
Let k(l) = 0 - 163*l - 2 + 153*l. Let j = 19 - 31. What is the hundreds digit of k(j)?
1
What is the tens digit of ((3 - 65/15) + 1)/(12/(-916668))?
6
Let z(c) = -34 - 43*c - 45*c + 86*c. Let m be z(-18). Suppose 5*n = 3*u + n - 26, -1 = m*u + n. What is the units digit of u?
2
What is the tens digit of (7304/(-9) + (-12)/27)/(2/(-68))?
0
Suppose -25*l = 89577 - 1125289 - 763188. What is the hundreds digit o